= -w**3 + 9*w**2 - 7*w + 6. Let r(c) = -c + 8. Let s be r(0). What are the prime factors of h(s)?
2, 7
What are the prime factors of (-10)/(-6) - (-11210)/15?
7, 107
Let m = 20 - 18. Let i = 29 - m. What are the prime factors of i?
3
Suppose -5*w - 5 + 30 = 0. Let d(x) = 15*x + 7. Let m(b) = -8*b - 3. Let u(g) = w*m(g) + 3*d(g). What are the prime factors of u(6)?
2, 3
Let j = 2 + -1. Let r be 1 + (j + 0 - 0). Let x(u) = 5*u - 1. List the prime factors of x(r).
3
Let m(d) = -2*d + 3. Let w be m(0). Suppose -3*n + 108 = -4*o, w*o + 0*o = n - 31. List the prime factors of n.
2, 5
List the prime factors of 34/238 - (-88953)/21.
2, 3, 353
Let z(a) = 2*a**2 - 4*a + 22. Let p = -21 - -14. What are the prime factors of z(p)?
2, 37
Suppose -3*n + 120 - 117 = 0. List the prime factors of (-4)/(-10) + (513/5)/n.
103
Suppose 0 = 9*o - 364 - 869. What are the prime factors of o?
137
Let p(j) = -10 + 0*j + 10 + j. Let b be p(0). Suppose b = -4*a + 56 + 32. List the prime factors of a.
2, 11
Suppose 3*l + 3 = -0*l, 5*l = -5*u - 15. Let n(x) = x + 1. Let f(c) = -c**2 - c. Let b(g) = -f(g) - 3*n(g). What are the prime factors of b(u)?
5
Let x(p) = 3*p + 70. Let u = 16 - 16. List the prime factors of x(u).
2, 5, 7
Let b be (-15)/3*(-2)/2. Suppose -70 = -b*t + 2*s + 346, 240 = 3*t + 2*s. Let p = t - 37. List the prime factors of p.
3, 5
Let y = -4 + 5. Let q be -15 - (-5 - (-2)/y). List the prime factors of 138/5 + q/20.
3
Suppose -3*x = -5*s - 3, -4*s - 32 = 2*x + 3*x. What are the prime factors of (3/12 - 0)*-37*x?
37
Let z(p) = 265*p - 420. List the prime factors of z(15).
3, 5, 79
Let q(i) = -11*i**3 + 2*i**2 - i. Let j be q(1). Let t = 21 - j. What are the prime factors of t?
31
Suppose 0 = -3*l + p + 3827, 2*p = -l + 831 + 440. What are the prime factors of l?
3, 5, 17
Suppose 0 = 2*c + d - 5980, -6*c = -11*c - 4*d + 14953. List the prime factors of c.
7, 61
Let s(m) = 5*m**2 + 18*m + 5. Let a(t) = -t**2 - 1. Let i(d) = -4*a(d) - s(d). List the prime factors of i(-13).
2
List the prime factors of (-9376)/(-20)*(-20)/(-8).
2, 293
Suppose -4*g + 2*u + 11 = -1, -g + 3 = -4*u. What are the prime factors of (g/(-9))/((-2)/150)?
5
What are the prime factors of 3/(-9) - (-1626)/18?
2, 3, 5
Let x(w) = -34*w + 9. Let l be x(-3). Let h = 183 - l. List the prime factors of h.
2, 3
Let z be 5930/20 - (-1)/2. Let x = z - 85. Suppose -3*p + x = p. What are the prime factors of p?
53
Let n(k) = -15*k**3 + 8*k + 15. List the prime factors of n(-4).
23, 41
Let v(a) = -62*a + 64. List the prime factors of v(-8).
2, 5, 7
Let c be 27/(-6)*(2 - (-32)/(-12)). What are the prime factors of (7 - -223)/((c - 1)/1)?
5, 23
Suppose 27*k = 18*k + 4401. List the prime factors of k.
3, 163
Let f(s) = 2*s**2 + 14*s + 3. Let j be f(-6). Let l be (-9)/2*14/(-3). Let k = j + l. What are the prime factors of k?
2, 3
Let z = 173 - 40. Let p = z - 101. What are the prime factors of p?
2
Let d(m) = m**2 + m - 3. Let o be d(-5). Let w = o + -17. Suppose 5*g = w, 2*p - 5*g + 2*g - 74 = 0. List the prime factors of p.
37
Let w(t) = 4*t + 8. Let u be w(-11). Let i = -2 - u. Let m = i - -5. List the prime factors of m.
3, 13
Let h(m) = m**3 - 9*m**2 + 10*m - 3. Let b be h(7). Let z = b + 6. List the prime factors of z/10*36/(-10).
3
Let o(a) be the second derivative of -a**5/20 - a**4/3 - 7*a**3/6 + a**2 - 3*a. List the prime factors of o(-5).
2, 31
Let w be 7/(-5) + 6/15. Let c be (w - -1) + 4/(-1). List the prime factors of (-4 - (1 + -32)) + c.
23
Suppose 2*o - 104 = 166. Let s = -103 + o. List the prime factors of s.
2
Suppose -38*f + 33*f + 10 = 0. Let l = -6 + 9. Suppose f*y = -l*y + 140. What are the prime factors of y?
2, 7
Let m be (-12)/9*(0 + -3). Let d = 0 + m. Suppose d*a = i + 67 + 57, -2*a + 62 = 3*i. List the prime factors of a.
31
Let o(s) = -2*s**3 + 111*s**2 - 90*s + 69. List the prime factors of o(54).
3, 1319
What are the prime factors of (-39543)/98*(-8)/(4/2)?
2, 3, 269
Let g(m) = 306*m - 54. List the prime factors of g(2).
2, 3, 31
Suppose -5*r = 4*r - 63. Let w(b) = 5*b + 6. List the prime factors of w(r).
41
Suppose -4*w - 159 = 821. Let n = -152 - w. What are the prime factors of n?
3, 31
Let c be (-8)/24 - 1231/(-3). Suppose -3*n - n = 2*a + c, 4*a + 3*n = -795. What are the prime factors of a/52*(-16)/6?
2, 5
Suppose 0 = -5*f + 49 - 29. Suppose -4*u + 158 = k, -6*k + 118 = -5*k - f*u. What are the prime factors of k?
2, 3, 23
Suppose -2*i - i - 156 = 0. Let w be (-3)/(i/(-64) + -1). Let n = -10 + w. List the prime factors of n.
2, 3
Let r(l) = -l**3 - 10*l**2 + 12*l - 9. Let c be r(-11). Let o = c - -44. Suppose -5*v + o = -46. List the prime factors of v.
2, 7
Let y = 1622 + -471. What are the prime factors of y?
1151
Suppose -2*o - 262 = -4*d, -5*d + 3*o = -o - 329. List the prime factors of d.
5, 13
Suppose -61 = -5*m + 59. Let i be 4*1/20 + 89/5. List the prime factors of 255/i + (-4)/m.
2, 7
Let y = 1119 + -793. Let l = -84 + y. List the prime factors of l.
2, 11
Suppose 21 + 100 = -3*w + 4*m, 0 = 5*w + 2*m + 193. Let j = w + 123. List the prime factors of j.
2, 3, 7
Suppose 3*y + 23382 = 4*t + 4*y, -5*t - y = -29228. List the prime factors of t.
2, 37, 79
Suppose 3*r - 6 = r. Let k be 1*(-39)/(0 - r). List the prime factors of -3 + -3 + -2 + k.
5
Suppose 3*z + 19*z - 5940 = 0. List the prime factors of z.
2, 3, 5
Suppose -4 + 44 = 5*b. Suppose -b*c = -6*c. Suppose 16 = -c*x + 4*x. What are the prime factors of x?
2
Let m = -707 - -1103. What are the prime factors of m?
2, 3, 11
Let j = -2036 - -6525. What are the prime factors of j?
67
Let t = 0 - -13. Suppose 0 = -5*b - 59 + 179. Let d = b + t. List the prime factors of d.
37
Suppose 2*k + 2*k = 12. Let w be 24*(k/6 - 0). Suppose 0 = -0*t + 4*t - w. List the prime factors of t.
3
Suppose -8*q + 5*q = 3*t - 5826, 0 = -2*q + 3*t + 3874. What are the prime factors of q?
2, 5, 97
Let a(y) be the second derivative of -y**5/20 - 5*y**4/4 - 5*y**3/6 - y**2 - y. What are the prime factors of a(-15)?
73
Let x = 774 + -405. List the prime factors of x.
3, 41
Let x be -4*(-2 - -3)*-1. Suppose -2*q + 57 = 5*s, -x*q - q = 2*s - 132. List the prime factors of q.
2, 13
Suppose -n + 2*s = 32, 55 = -3*n - 4*s - 51. Let q = n - -51. What are the prime factors of q?
17
Suppose -184 - 20 = -3*z. Suppose -7*u = -8*u + z. List the prime factors of u.
2, 17
Let t be (4/(-5))/(24/(-60)). Suppose m + 446 = 6*m + t*b, 5*m + b - 443 = 0. What are the prime factors of m?
2, 11
Let w be 8/(-36) + 4/18. Suppose b - 3 - 1 = w. What are the prime factors of (9 - 4)*b - 4?
2
Let l(j) = 10*j - 166. List the prime factors of l(34).
2, 3, 29
Let x(z) = -z**2 - 13*z - 2. Let a be x(6). Let u = -66 - a. List the prime factors of u.
2, 5
Suppose -14 = 2*m - 0*m. Let k(l) = 7*l - 10. Let p be k(m). Let j = p - -101. What are the prime factors of j?
2, 3, 7
Let g(c) be the second derivative of -c**5/20 + 5*c**4/6 + 2*c**3/3 - 4*c**2 + 12*c. List the prime factors of g(9).
109
Let i = -24 + 26. Suppose q = i*q - 2. Let l(n) = 40*n + 1. What are the prime factors of l(q)?
3
What are the prime factors of ((-31)/(651/84))/(1/(-849))?
2, 3, 283
Let t(a) = a**2 - 5*a - 6. Let o be t(6). Suppose o = -4*n - n + 195. What are the prime factors of n?
3, 13
Let h = -189 - -89. Let k = -63 - h. What are the prime factors of k?
37
Let z be (-8)/(-10)*-10*21/28. Let p(j) = -29*j. What are the prime factors of p(z)?
2, 3, 29
Suppose -69*u - 143 = -70*u. What are the prime factors of u?
11, 13
Let t = -49 - -45. Suppose 36 = 2*q - 0*q. List the prime factors of (-27)/q - 146/t.
5, 7
Suppose -2*o + 3138 = 2*d + 1312, -3*d + 2729 = 5*o. List the prime factors of d.
2, 3, 17
Let h = -27 + 24. List the prime factors of ((h - 22) + -1)*-1.
2, 13
Let r(n) = -n**3 + n**2 - 2. Let j be r(-2). Let l be j + -3 + (-12)/(-4). Let q = l - 2. What are the prime factors of q?
2
Suppose 4*w + 754 = 278. Let i = 295 + w. List the prime factors of i.
2, 11
Suppose -5*z + 1519 = -706. List the prime factors of z.
5, 89
Suppose 4*a = -3*w + 11185, 0 = 4*w - 3*a - 3783 - 11097. What are the prime factors of w?
3, 17, 73
Let q = -5 - -44. Let t = -19 + q. What are the prime factors of t?
2, 5
Suppose 47 = 2*s - c, 2*c - 4*c = 2. Let z = s + -15. Suppose -z*i - 1 = -97. List the prime f